{"id":688683,"date":"2025-08-27T13:07:20","date_gmt":"2025-08-27T10:07:20","guid":{"rendered":"https:\/\/roveyayinevi.com.tr\/index.php\/urun\/coklu-evrenler\/"},"modified":"2026-04-16T01:58:35","modified_gmt":"2026-04-15T22:58:35","slug":"coklu-evrenler","status":"publish","type":"product","link":"https:\/\/roveyayinevi.com.tr\/index.php\/urun\/coklu-evrenler\/","title":{"rendered":"\u00c7oklu Evrenler"},"content":{"rendered":"<p>Evrenimiz bir\u00e7ok evrenden sadece biri midir? Modern fizi\u011fin en b\u00fcy\u00fcleyici gizemleri bize bunu g\u00f6steriyor gibi. Di\u011fer evrenlerin bizden \u00f6nce geldi\u011fi, bizimkinin yan\u0131 s\u0131ra s\u00fcz\u00fcld\u00fc\u011f\u00fc veya bizimkini yans\u0131tt\u0131\u011f\u0131 ne kadar imkans\u0131z g\u00f6z\u00fckse de buna dair kan\u0131tlar \u015fa\u015f\u0131rt\u0131c\u0131 bi\u00e7imde ikna edicidir. \u015ea\u015f\u0131rt\u0131c\u0131 ve karma\u015f\u0131k fikirleri en basit ifadelerle anlatmadaki yetene\u011fiyle bilinen \u00fcnl\u00fc bilim yazar\u0131 ve astrofizik\u00e7i John Gribbin, \u00c7oklu Evrenler kitab\u0131nda okuyucuyu ger\u00e7ekli\u011fin s\u0131n\u0131rlar\u0131na do\u011fru s\u0131ra d\u0131\u015f\u0131 bir yolculu\u011fa \u00e7\u0131kart\u0131yor. Kuantum fizi\u011fi, termodinamik, sicim teorisi ve Evren\u2019in do\u011fas\u0131 hakk\u0131ndaki en yeni ara\u015ft\u0131rmalar\u0131 ele alarak, g\u00fcncel kozmolojiye yapt\u0131\u011f\u0131 bu harikulade gezinti ayn\u0131 zamanda yerle\u015fik bilim d\u00fcnyas\u0131n\u0131n \u00f6tesine, teorik fizik\u00e7ilerin daha hen\u00fcz sormaya ba\u015flad\u0131\u011f\u0131 hayret verici sorulara do\u011fru yol al\u0131yor. E\u011fer evrenimiz \u00fc\u00e7 boyutlu ve sonsuz ise, nas\u0131l ba\u015fka bir \u015feyin i\u00e7inde olabilir? Bu alternatif evrenlerin birine seyahat etmek m\u00fcmk\u00fcn m\u00fcd\u00fcr? Par\u00e7ac\u0131klar oraya her an seyahat ediyorlar m\u0131d\u0131r? Bilim adamlar\u0131 ona seyahat edemeden nas\u0131l \u00c7oklu Evrenin varl\u0131\u011f\u0131n\u0131 kan\u0131tlayabiliyorlar? Pop\u00fcler bilim \u015fahaser. -Sunday Times- (London) Gribbin her \u015feyi \u00e7ok sade bir \u00fcslupla anlat\u0131yor, tek bir denklem kullanmadan, -David Goodstein- The New York Times Book Review \ufffcTan\u0131t\u0131m Metni<\/p>\n","protected":false},"excerpt":{"rendered":"<p>Evrenimiz bir\u00e7ok evrenden sadece biri midir? Modern fizi\u011fin en b\u00fcy\u00fcleyici gizemleri bize bunu g\u00f6steriyor gibi. Di\u011fer evrenlerin bizden \u00f6nce geldi\u011fi, bizimkinin yan\u0131 s\u0131ra s\u00fcz\u00fcld\u00fc\u011f\u00fc veya bizimkini<span class=\"excerpt-hellip\"> [\u2026]<\/span><\/p>\n","protected":false},"featured_media":0,"template":"","meta":{"_monsterinsights_skip_tracking":false,"_monsterinsights_sitenote_active":false,"_monsterinsights_sitenote_note":"","_monsterinsights_sitenote_category":0},"product_brand":[],"product_cat":[13005,13006],"product_tag":[],"class_list":{"0":"post-688683","1":"product","2":"type-product","3":"status-publish","5":"product_cat-bilim-muhendislik","6":"product_cat-populer-bilim","7":"pa_cilt-ciltsiz","8":"pa_tur-kitap","9":"pa_yayinevi-alfa-yayinlari","10":"pa_yazar-john-gribbin","12":"first","13":"instock","14":"sale","15":"shipping-taxable","16":"purchasable","17":"product-type-simple"},"_links":{"self":[{"href":"https:\/\/roveyayinevi.com.tr\/index.php\/wp-json\/wp\/v2\/product\/688683","targetHints":{"allow":["GET"]}}],"collection":[{"href":"https:\/\/roveyayinevi.com.tr\/index.php\/wp-json\/wp\/v2\/product"}],"about":[{"href":"https:\/\/roveyayinevi.com.tr\/index.php\/wp-json\/wp\/v2\/types\/product"}],"wp:attachment":[{"href":"https:\/\/roveyayinevi.com.tr\/index.php\/wp-json\/wp\/v2\/media?parent=688683"}],"wp:term":[{"taxonomy":"product_brand","embeddable":true,"href":"https:\/\/roveyayinevi.com.tr\/index.php\/wp-json\/wp\/v2\/product_brand?post=688683"},{"taxonomy":"product_cat","embeddable":true,"href":"https:\/\/roveyayinevi.com.tr\/index.php\/wp-json\/wp\/v2\/product_cat?post=688683"},{"taxonomy":"product_tag","embeddable":true,"href":"https:\/\/roveyayinevi.com.tr\/index.php\/wp-json\/wp\/v2\/product_tag?post=688683"}],"curies":[{"name":"wp","href":"https:\/\/api.w.org\/{rel}","templated":true}]}}