{"id":688671,"date":"2025-08-27T13:07:18","date_gmt":"2025-08-27T10:07:18","guid":{"rendered":"https:\/\/roveyayinevi.com.tr\/index.php\/urun\/halo-dayi-ve-iki-okuz\/"},"modified":"2026-04-16T01:58:35","modified_gmt":"2026-04-15T22:58:35","slug":"halo-dayi-ve-iki-okuz","status":"publish","type":"product","link":"https:\/\/roveyayinevi.com.tr\/index.php\/urun\/halo-dayi-ve-iki-okuz\/","title":{"rendered":"Halo Day\u0131 ve \u0130ki \u00d6k\u00fcz"},"content":{"rendered":"<p>G\u00fclmecenin doruklar\u0131nda bir yap\u0131tt\u0131r Halo Day\u0131 ve \u0130ki \u00d6k\u00fcz &#8230; Anadolu insan\u0131n\u0131n saf, ezik ve sevecen d\u00fcnyas\u0131ndan yepyeni g\u00f6zlemler, dokunakl\u0131 kesitler veren se\u00e7kin bir roman&#8230; Nitekim televizyonda yay\u0131mland\u0131\u011f\u0131 zaman b\u00fcy\u00fck ilgi uyand\u0131rm\u0131\u015f, hemen herkesin \u00f6vg\u00fcyle kar\u015f\u0131lad\u0131\u011f\u0131 bir dizi olmu\u015ftu. K\u00f6y &#8211; kent \u00e7eli\u015fkisinin g\u00fclmeceyle i\u00e7 i\u00e7e b\u00fct\u00fcnle\u015fti\u011fi, giderek \u00e7arp\u0131c\u0131 bir yo\u011funluk kazand\u0131\u011f\u0131 bu romanda, \u00f6k\u00fcz paras\u0131 i\u00e7in \u0130stanbul\u2019a giden Halo Day\u0131 ve o\u011flu \u0130dris\u2019in ser\u00fcvenlerini okuyacaks\u0131n\u0131z. Ku\u015fkusuz severek, be\u011fenerek, tutkuyla&#8230; <\/p>\n","protected":false},"excerpt":{"rendered":"<p>G\u00fclmecenin doruklar\u0131nda bir yap\u0131tt\u0131r Halo Day\u0131 ve \u0130ki \u00d6k\u00fcz &#8230; Anadolu insan\u0131n\u0131n saf, ezik ve sevecen d\u00fcnyas\u0131ndan yepyeni g\u00f6zlemler, dokunakl\u0131 kesitler veren se\u00e7kin bir roman&#8230; Nitekim<span class=\"excerpt-hellip\"> [\u2026]<\/span><\/p>\n","protected":false},"featured_media":0,"template":"","meta":{"_monsterinsights_skip_tracking":false,"_monsterinsights_sitenote_active":false,"_monsterinsights_sitenote_note":"","_monsterinsights_sitenote_category":0},"product_brand":[],"product_cat":[12477,12364],"product_tag":[],"class_list":{"0":"post-688671","1":"product","2":"type-product","3":"status-publish","5":"product_cat-eglence-mizah","6":"product_cat-genel-konular","7":"pa_cilt-ciltsiz","8":"pa_tur-kitap","9":"pa_yayinevi-bilgi-yayinevi","10":"pa_yazar-muzaffer-izgu","12":"first","13":"instock","14":"sale","15":"shipping-taxable","16":"purchasable","17":"product-type-simple"},"_links":{"self":[{"href":"https:\/\/roveyayinevi.com.tr\/index.php\/wp-json\/wp\/v2\/product\/688671","targetHints":{"allow":["GET"]}}],"collection":[{"href":"https:\/\/roveyayinevi.com.tr\/index.php\/wp-json\/wp\/v2\/product"}],"about":[{"href":"https:\/\/roveyayinevi.com.tr\/index.php\/wp-json\/wp\/v2\/types\/product"}],"wp:attachment":[{"href":"https:\/\/roveyayinevi.com.tr\/index.php\/wp-json\/wp\/v2\/media?parent=688671"}],"wp:term":[{"taxonomy":"product_brand","embeddable":true,"href":"https:\/\/roveyayinevi.com.tr\/index.php\/wp-json\/wp\/v2\/product_brand?post=688671"},{"taxonomy":"product_cat","embeddable":true,"href":"https:\/\/roveyayinevi.com.tr\/index.php\/wp-json\/wp\/v2\/product_cat?post=688671"},{"taxonomy":"product_tag","embeddable":true,"href":"https:\/\/roveyayinevi.com.tr\/index.php\/wp-json\/wp\/v2\/product_tag?post=688671"}],"curies":[{"name":"wp","href":"https:\/\/api.w.org\/{rel}","templated":true}]}}