{"id":688654,"date":"2025-08-27T13:07:15","date_gmt":"2025-08-27T10:07:15","guid":{"rendered":"https:\/\/roveyayinevi.com.tr\/index.php\/urun\/bale-kitabi\/"},"modified":"2026-04-12T01:58:47","modified_gmt":"2026-04-11T22:58:47","slug":"bale-kitabi","status":"publish","type":"product","link":"https:\/\/roveyayinevi.com.tr\/index.php\/urun\/bale-kitabi\/","title":{"rendered":"Bale Kitab\u0131"},"content":{"rendered":"<p>Bale bir\u00e7o\u011fumuz i\u00e7in hep \u00f6zeldir, \u00f6zel kalm\u0131\u015ft\u0131r. Kimimiz \u00f6zenmi\u015ftir, kimimiz yapm\u0131\u015ft\u0131r, kimimiz ilgilenmemi\u015ftir pek. Uza\u011f\u0131m\u0131zda ama olabildi\u011fince yak\u0131n\u0131m\u0131zda\u2026 \u201cKe\u015fke yapsayd\u0131m\u201d diye d\u00fc\u015f\u00fcnd\u00fc\u011f\u00fcm\u00fcz de olmu\u015ftur, \u201cyapamazd\u0131m ki\u201d diye vazge\u00e7ebildi\u011fimiz de. Seyretmekten hep keyif ald\u0131\u011f\u0131m\u0131z, g\u0131pta etti\u011fimiz de.   Bu kitapla baleyi tan\u0131mak, baleyi \u00f6\u011frenmek, baleye bakmay\u0131 bilmek, baleyi sevmek ve yak\u0131nla\u015fmak; sorular\u0131n\u0131za cevap bulmak, hepsi m\u00fcmk\u00fcn olacak. Bildiklerinizi hat\u0131rlatacak, eksiklerinizi tamamlayacak, hi\u00e7 bilmediklerinizi \u00f6\u011fretecek. Temel bilgilerin yer ald\u0131\u011f\u0131 bir ba\u015fvuru kayna\u011f\u0131 olan bu kitap, ayn\u0131 zamanda baleyi tan\u0131tmak, sevdirmek, yayg\u0131nla\u015ft\u0131rmak amac\u0131 da ta\u015f\u0131yor, ufuk a\u00e7may\u0131 ama\u00e7l\u0131yor.   Bale Kitab\u0131 ile d\u00fc\u015flerinizdeki baleyle bulu\u015fabilmeniz dile\u011fiyle&#8230; <\/p>\n","protected":false},"excerpt":{"rendered":"<p>Bale bir\u00e7o\u011fumuz i\u00e7in hep \u00f6zeldir, \u00f6zel kalm\u0131\u015ft\u0131r. Kimimiz \u00f6zenmi\u015ftir, kimimiz yapm\u0131\u015ft\u0131r, kimimiz ilgilenmemi\u015ftir pek. Uza\u011f\u0131m\u0131zda ama olabildi\u011fince yak\u0131n\u0131m\u0131zda\u2026 \u201cKe\u015fke yapsayd\u0131m\u201d diye d\u00fc\u015f\u00fcnd\u00fc\u011f\u00fcm\u00fcz de olmu\u015ftur, \u201cyapamazd\u0131m ki\u201d<span class=\"excerpt-hellip\"> [\u2026]<\/span><\/p>\n","protected":false},"featured_media":0,"template":"","meta":{"_monsterinsights_skip_tracking":false,"_monsterinsights_sitenote_active":false,"_monsterinsights_sitenote_note":"","_monsterinsights_sitenote_category":0},"product_brand":[],"product_cat":[12409,12408],"product_tag":[],"class_list":{"0":"post-688654","1":"product","2":"type-product","3":"status-publish","5":"product_cat-fotograf-sinema-tiyatro","6":"product_cat-sanat","7":"pa_cilt-ciltsiz","8":"pa_tur-kitap","9":"pa_yayinevi-akil-celen-kitaplar","10":"pa_yazar-pinar-aydin-odwyer","12":"first","13":"instock","14":"sale","15":"shipping-taxable","16":"purchasable","17":"product-type-simple"},"_links":{"self":[{"href":"https:\/\/roveyayinevi.com.tr\/index.php\/wp-json\/wp\/v2\/product\/688654","targetHints":{"allow":["GET"]}}],"collection":[{"href":"https:\/\/roveyayinevi.com.tr\/index.php\/wp-json\/wp\/v2\/product"}],"about":[{"href":"https:\/\/roveyayinevi.com.tr\/index.php\/wp-json\/wp\/v2\/types\/product"}],"wp:attachment":[{"href":"https:\/\/roveyayinevi.com.tr\/index.php\/wp-json\/wp\/v2\/media?parent=688654"}],"wp:term":[{"taxonomy":"product_brand","embeddable":true,"href":"https:\/\/roveyayinevi.com.tr\/index.php\/wp-json\/wp\/v2\/product_brand?post=688654"},{"taxonomy":"product_cat","embeddable":true,"href":"https:\/\/roveyayinevi.com.tr\/index.php\/wp-json\/wp\/v2\/product_cat?post=688654"},{"taxonomy":"product_tag","embeddable":true,"href":"https:\/\/roveyayinevi.com.tr\/index.php\/wp-json\/wp\/v2\/product_tag?post=688654"}],"curies":[{"name":"wp","href":"https:\/\/api.w.org\/{rel}","templated":true}]}}